etermine m(-6).
-31
Let j(c) = c**3 - 37*c**2 + 37*c - 32. What is j(36)?
4
Let s(z) = -z**2 - 9*z - 16. Give s(-8).
-8
Let o(h) = h**3 + 3*h**2 - 2. What is o(2)?
18
Let l(s) = 2*s**2 - 21*s - 5. Calculate l(10).
-15
Let u(s) = -4*s**3 + s**2 - 3*s - 3. Calculate u(-2).
39
Let f(o) = o**3 + 7*o**2 - 11*o - 18. What is f(-8)?
6
Let j(u) = -u + 10. What is j(9)?
1
Let d(p) = -3*p - 12. Calculate d(5).
-27
Let r(k) = -k**2 - 27*k - 120. Determine r(-5).
-10
Let v(d) = -d**2 + 13*d + 20. Determine v(14).
6
Let d(a) = -a**3 + 5*a**2 - 6*a. Determine d(4).
-8
Let i(c) = -5*c**2 + 4*c - 3. Give i(2).
-15
Let h(r) = -r**3 - 3*r**2 + 11*r + 11. Determine h(-5).
6
Let b(t) = -6*t - 16. Determine b(-3).
2
Let c(p) = -p**3 + 2*p**2 - p + 2. Calculate c(4).
-34
Let f(i) = -i**2 + 5*i + 3. What is f(4)?
7
Let o(n) = -3*n - 31. What is o(-14)?
11
Let u(y) = -y**3 - 5*y**2 + 2*y + 3. Determine u(-4).
-21
Let g(q) = -36*q + 12. Determine g(1).
-24
Let a(y) = 12*y + 1. Give a(3).
37
Let q(f) = -f**3 - 8*f**2 + 53*f + 422. Calculate q(-8).
-2
Let p(t) = 29*t - 81. Give p(5).
64
Let h(m) = -m**3 + 13*m**2 - 11*m - 14. Calculate h(12).
-2
Let x(p) = -p**3 - 13*p**2 - p + 1. Determine x(-12).
-131
Let h(d) = -d**2 + 8*d - 22. Determine h(7).
-15
Let h(s) = -2*s - 11. Give h(0).
-11
Let d(m) = -15*m**2 + 61*m - 7. Determine d(4).
-3
Let f(z) = z**3 - 13*z**2 + 39*z - 7. What is f(6)?
-25
Let v(p) = p**2 - 3*p + 1. Calculate v(5).
11
Let a(j) = 19*j + 1. Determine a(2).
39
Let i(j) = -j**3 - 7*j**2 - 2*j + 12. Calculate i(-6).
-12
Let n(o) = 2*o + 32. What is n(-15)?
2
Let d(a) = -a - 44. What is d(-31)?
-13
Let i(f) = 12*f + 54. Calculate i(-6).
-18
Let i(q) = -30*q + 8. What is i(0)?
8
Let s(i) = 3*i**2 + 9*i + 16. What is s(-2)?
10
Let z(d) = -d**3 - 9*d**2 - 11*d + 5. Determine z(-8).
29
Let d(g) = -15*g - 1. Determine d(-1).
14
Let l(d) = d - 1. Determine l(-8).
-9
Let d(n) = -n**3 - 9*n**2 - 6*n - 15. Determine d(-7).
-71
Let x(y) = -2*y - 8. What is x(-4)?
0
Let o(h) = 2*h**2 + 8*h + 64. What is o(-9)?
154
Let h(w) = -w**3 - w**2 + w - 2. Calculate h(2).
-12
Let r(d) = -d - 17. What is r(-20)?
3
Let c(z) = -3*z**2 + 14*z - 16. Calculate c(4).
-8
Let c(y) = 35*y - 547. Give c(16).
13
Let o(x) = -x + 3. Calculate o(4).
-1
Let s(z) = -z**3 + 6*z**2 + z - 4. Determine s(-4).
152
Let r(l) = 24*l - 157. Calculate r(5).
-37
Let p(a) = -12*a. Determine p(-2).
24
Let b(q) = q**2 - 10*q - 49. Determine b(15).
26
Let t(u) = 27*u + 50. Give t(-2).
-4
Let i(c) = -2*c**2 + 28*c - 40. Determine i(12).
8
Let t(f) = -f**3 - 17*f**2 - 36*f - 88. Give t(-15).
2
Let m(b) = 5*b**2 - b + 1. Determine m(1).
5
Let i(r) = 12*r - 114. Give i(9).
-6
Let b(v) = v**2 - v - 33. Give b(0).
-33
Let w(h) = 29*h + 165. Determine w(-6).
-9
Let t(y) = -3*y**2 + y + 3. What is t(2)?
-7
Let q(z) = -z**2 - 25*z + 100. Determine q(-29).
-16
Let n(w) = w**3 - 12*w**2 + 60*w - 393. Determine n(10).
7
Let w(p) = 9*p - 25. What is w(5)?
20
Let b(t) = t**3 - t - 14. Calculate b(0).
-14
Let r(g) = -g**3 - 7*g**2 - 8*g + 2. What is r(-6)?
14
Let p(f) = f**2 - 3*f + 16. Determine p(7).
44
Let s(y) = -y**2 + y + 15. What is s(3)?
9
Let l(y) = -12*y - 116. Determine l(-10).
4
Let i(f) = -3*f - 12. Give i(8).
-36
Let h(j) = -2*j**3 - 19*j**2 - 10*j - 9. Determine h(-9).
0
Let p(v) = v**3 + 6*v**2 + 7*v + 4. Calculate p(-4).
8
Let l(d) = 4*d - 17. What is l(0)?
-17
Let y(w) = -w**2 - 14*w - 27. Determine y(-11).
6
Let b(o) = -o**2 + 15*o - 41. Determine b(12).
-5
Let z(n) = 6*n**3 + n. Determine z(-1).
-7
Let i(s) = s**3 + 23*s**2 + 4*s + 47. Calculate i(-23).
-45
Let g(v) = v - 19. What is g(5)?
-14
Let w(g) = g**2 + 6*g + 12. Calculate w(-9).
39
Let y(r) = 2*r**3 - 3*r**2 + r + 8. Give y(2).
14
Let t(g) = -g**3 - 15*g**2 - 13*g - 2. Determine t(-14).
-16
Let n(c) = c**3 + 10*c**2 - 23*c + 4. Give n(-12).
-8
Let t(h) = -11*h - 520. Give t(-44).
-36
Let d(b) = b**2 + 3*b + 7. Give d(-6).
25
Let r(v) = -7*v**2 - v. Determine r(1).
-8
Let l(n) = n**2 + 3. Determine l(-3).
12
Let x(h) = h**3 + 16*h**2 - 2*h + 2. Calculate x(-16).
34
Let r(k) = k**3 + 4*k**2 + 4. Determine r(-4).
4
Let x(z) = -106*z + 630. Give x(6).
-6
Let f(a) = -14*a - 7. Give f(-3).
35
Let h(g) = g**2 + 12*g + 29. Determine h(-9).
2
Let b(g) = -g**3 - 10*g**2 - g - 7. What is b(-10)?
3
Let k(g) = -2*g**3 + 4*g**2 - 10*g + 18. Determine k(3).
-30
Let t(p) = -24*p. Give t(1).
-24
Let t(r) = -r**2 - 20*r + 12. What is t(-21)?
-9
Let a(h) = 10*h - 12. Give a(2).
8
Let u(d) = 8*d + 4. Calculate u(-9).
-68
Let w(b) = -4*b - 57. What is w(-13)?
-5
Let r(s) = -46*s - 506. Calculate r(-11).
0
Let q(r) = 3*r + 66. Give q(-17).
15
Let g(t) = -t**2 - t + 13. Give g(4).
-7
Let z(k) = -k + 6. Give z(-2).
8
Let u(y) = -y**3 + y**2 + 4*y - 2. Determine u(3).
-8
Let x(v) = -v**3 - 6*v**2 - 4*v + 2. Give x(-7).
79
Let h(v) = -v**2 + 9. Determine h(4).
-7
Let g(u) = -3*u + 23. Give g(17).
-28
Let c(x) = -x**2 - 2*x + 2. Determine c(-7).
-33
Let m(f) = 7*f**2 - 4*f + 3. Calculate m(2).
23
Let d(j) = -j**2 + 4*j + 37. Calculate d(-5).
-8
Let k(z) = 2*z + 24. Give k(-13).
-2
Let t(f) = 2*f**2 + 38*f - 89. What is t(-21)?
-5
Let u(g) = -g**3 + g**2 + g + 3. What is u(-3)?
36
Let i(b) = -b**3 - 6*b**2 + 10*b + 16. Give i(-7).
-5
Let r(g) = -g**3 + 7*g**2 - 2*g - 4. Determine r(6).
20
Let v(t) = -6*t + 144. Determine v(24).
0
Let c(p) = -23*p - 606. Determine c(-26).
-8
Let k(v) = -v**2 + 6*v - 4. Determine k(4).
4
Let n(d) = -3*d + 14. What is n(2)?
8
Let m(j) = 2*j**2 + 31*j + 103. Give m(-5).
-2
Let o(v) = v**3 - 2*v**2 - 6*v + 5. What is o(5)?
50
Let r(q) = 5*q + 24. Give r(0).
24
Let s(q) = -q**3 + 4*q**2 + 15*q - 1. What is s(6)?
17
Let d(h) = -5*h**2 + 49*h - 67. Determine d(8).
5
Let t(o) = 27*o + 105. Give t(-4).
-3
Let d(j) = -4*j**2 - 3*j + 2. Give d(-2).
-8
Let y(f) = 3*f - 18. What is y(11)?
15
Let f(n) = -3*n + 82. Determine f(20).
22
Let c(t) = t**3 + 4*t**2 + 7*t + 3. Determine c(-4).
-25
Let y(l) = 2*l**2 - 5*l + 2. Calculate y(4).
14
Let w(a) = 175*a - 879. What is w(5)?
-4
Let f(d) = 12*d - 54. Calculate f(4).
-6
Let b(p) = -2*p**3 - 5*p**2 - 6*p - 2. Determine b(-2).
6
Let i(g) = 49*g**2 - 3*g + 2. Determine i(1).
48
Let k(v) = -v**2 - 22*v - 32. Give k(-20).
8
Let p(s) = -14*s + 276. Determine p(19).
10
Let p(g) = 342*g - 338. Give p(1).
4
Let i(t) = -8*t**2 + 15*t - 9. Determine i(-4).
-197
Let b(x) = -23*x. Calculate b(-1).
23
Let t(l) = -l**2 - 16*l + 1. Determine t(-16).
1
Let z(j) = 2*j**2 - 14*j - 9. Give z(8).
7
Let k(m) = -m**3 + 2*m**2 + 5*m + 2. What is k(4)?
-10
Let s(d) = -d**2 - 76*d - 359. Calculate s(-5).
-4
Let t(w) = -w**2 + 22*w - 62. What is t(17)?
23
Let z(t) = t**3 + 9*t**2 + 5*t - 7. Calculate z(-8).
17
Let b(q) = -q**2 - 2*q + 3. Determine b(3).
-12
Let a(t) = t**2 + 11*t + 6. Give a(-7).
-22
Let f(k) = -k**3 - 32*k**2 - 14. Give f(-32).
-14
Let w(l) = -l**3 + 6*l**2 - 17*l - 1. Determine w(4).
-37
Let x(t) = t**2 - 14*t - 14. Determine x(15).
1
Let l(k) = -k**2 - k + 2. Give l(-3).
-4
Let w(l) = -2*l**2 - 48*l + 5. What is w(-24)?
5
Let g(d) = 15*d**3 - 2*d - 1. Calculate g(-1).
-14
Let v(y) = 3*y + 46. Give v(-15).
1
Let u(n) = 2*n + 27. Give u(-14).
-1
Let o(m) = 84*m**3 - m**2. Determine o(1).
83
Let j(p) = -p**3 - 27*p**2 + 21. Calculate j(-27).
21
Let h(s) = -s + 6. Give h(7).
-1
Let c(a) = a**2 + 26*a + 60. What is c(-24)?
12
Let a(r) = -r**2 + 2*r + 29. Calculate a(0).
29
Let i(l) = 6*l**3 + 2*l**2 + l - 2. Determine i(-2).
-44
Let s(h) = -h**2 + 5*h - 20. Determine s(-6).
-86
Let g(p) = -8*p - 17. Determine g(-3).
7
Let i(g) = g - 14. What is i(13)?
-1
Let v(l) = -3*l**2 - 4*l + 2. Determine v(3).
-37
Let u(t) = -24*t**2 + t. Give u(-1).
-25
Let f(m) = m**3 - 6*m**2 - 3. Give f(6).
-3
Let s(r) = 3*r**3 - 8*r + 10. Calculate s(2).
18
Let d(v) = -v - 4. Give d(-5).
1
Let j(z) = z**3 - 3*z**2 - 5*z + 4. Give j(4).
0
Let y(b) = 30*b + 307. What is y(-10)?
7
Let l(f) = -f**3 + 9*f**2 + 20*f + 9. Calculate l(11).
-13
Let l(w) = -2*w**2 + w. Calculate l(1).
-1
Let w(v) = -16*v + 155. Give w(9).
11
Let k(y) = -3*y + 3. Determine k(4).
-9
Let f(p) = 2*p**3 - 11*p**2 + 3*p + 1. What is f(3)?
-35
Let h(z) = z + 9. Give h(-14).
-5
Let s(b) = -b**3 - 3*b**2 + 3. Calculate s(-4).
19
Let p(i) = 42*i + 917. Calculate p(-22).
-